{"id":3136,"date":"2024-01-07T16:38:38","date_gmt":"2024-01-07T15:38:38","guid":{"rendered":"https:\/\/www.galerie-initiales.com\/?page_id=3136"},"modified":"2024-04-22T21:46:55","modified_gmt":"2024-04-22T19:46:55","slug":"olivier-hache","status":"publish","type":"page","link":"https:\/\/www.galerie-initiales.com\/?page_id=3136","title":{"rendered":"Olivier Hache"},"content":{"rendered":"<div class=\"wpb-content-wrapper\">[vc_row curly_padding=\u00a0\u00bbcontent-padding\u00a0\u00bb css=\u00a0\u00bb.vc_custom_1504195713546{padding-bottom: 0px !important;}\u00a0\u00bb][vc_column width=\u00a0\u00bb1\/3&Prime;][vc_single_image image=\u00a0\u00bb3137&Prime; img_size=\u00a0\u00bbfull\u00a0\u00bb style=\u00a0\u00bbxtd-shadow&#8211;normal-light\u00a0\u00bb el_class=\u00a0\u00bbxtd-offset-frame\u00a0\u00bb][vc_column_text][\/vc_column_text][\/vc_column][vc_column width=\u00a0\u00bb2\/3&Prime; offset=\u00a0\u00bbvc_col-lg-offset-1 vc_col-lg-7&Prime;][vc_column_text]\u00a0\u00bbDes images s&rsquo;impriment sur ma r\u00e9tine : paysages, univers urbains, associations de couleurs et de mat\u00e9riaux. La peinture, toujours pr\u00e9sente, m&rsquo;accompagne. Elle me permet de traduire les \u00e9motions laiss\u00e9es par ces traces mn\u00e9siques. Je m&rsquo;inscris dans un mouvement, une vibration. Le l\u00e9ger glissement d&rsquo;une sensation \u00e0 une autre : c&rsquo;est cela que je veux donner \u00e0 voir. J&rsquo;exprime ce qui se dit entre les lignes, \u00ab l&rsquo;inter-dit \u00bb. Ce que je ne peux verbaliser, je tente de le transmettre par la couleur.\u00a0\u00bb[\/vc_column_text][\/vc_column][\/vc_row][vc_row][vc_column width=\u00a0\u00bb3\/5&Prime;][vc_gallery interval=\u00a0\u00bb3&Prime; images=\u00a0\u00bb9912,9911,9910,9909,9908,9907,9906,9905,9904,9895,9896,9897,9898,9899,9900,9901,9902,9903&Prime; img_size=\u00a0\u00bbfull\u00a0\u00bb css=\u00a0\u00bb\u00a0\u00bb][\/vc_column][\/vc_row]\n<\/div>","protected":false},"excerpt":{"rendered":"<p>[vc_row curly_padding=\u00a0\u00bbcontent-padding\u00a0\u00bb css=\u00a0\u00bb.vc_custom_1504195713546{padding-bottom: 0px !important;}\u00a0\u00bb][vc_column width=\u00a0\u00bb1\/3&Prime;][vc_single_image image=\u00a0\u00bb3137&Prime; img_size=\u00a0\u00bbfull\u00a0\u00bb style=\u00a0\u00bbxtd-shadow&#8211;normal-light\u00a0\u00bb el_class=\u00a0\u00bbxtd-offset-frame\u00a0\u00bb][vc_column_text][\/vc_column_text][\/vc_column][vc_column width=\u00a0\u00bb2\/3&Prime; offset=\u00a0\u00bbvc_col-lg-offset-1 vc_col-lg-7&Prime;][vc_column_text]\u00a0\u00bbDes images s&rsquo;impriment sur ma r\u00e9tine : paysages, univers urbains, associations de couleurs et de mat\u00e9riaux. La peinture, toujours pr\u00e9sente, m&rsquo;accompagne. Elle me permet de traduire les \u00e9motions laiss\u00e9es par ces traces mn\u00e9siques. Je m&rsquo;inscris dans un mouvement, une vibration. Le l\u00e9ger glissement d&rsquo;une sensation \u00e0 une autre [&hellip;]<\/p>\n","protected":false},"author":1,"featured_media":0,"parent":209,"menu_order":0,"comment_status":"closed","ping_status":"closed","template":"","meta":{"footnotes":""},"class_list":["post-3136","page","type-page","status-publish","hentry"],"_links":{"self":[{"href":"https:\/\/www.galerie-initiales.com\/index.php?rest_route=\/wp\/v2\/pages\/3136","targetHints":{"allow":["GET"]}}],"collection":[{"href":"https:\/\/www.galerie-initiales.com\/index.php?rest_route=\/wp\/v2\/pages"}],"about":[{"href":"https:\/\/www.galerie-initiales.com\/index.php?rest_route=\/wp\/v2\/types\/page"}],"author":[{"embeddable":true,"href":"https:\/\/www.galerie-initiales.com\/index.php?rest_route=\/wp\/v2\/users\/1"}],"replies":[{"embeddable":true,"href":"https:\/\/www.galerie-initiales.com\/index.php?rest_route=%2Fwp%2Fv2%2Fcomments&post=3136"}],"version-history":[{"count":8,"href":"https:\/\/www.galerie-initiales.com\/index.php?rest_route=\/wp\/v2\/pages\/3136\/revisions"}],"predecessor-version":[{"id":9913,"href":"https:\/\/www.galerie-initiales.com\/index.php?rest_route=\/wp\/v2\/pages\/3136\/revisions\/9913"}],"up":[{"embeddable":true,"href":"https:\/\/www.galerie-initiales.com\/index.php?rest_route=\/wp\/v2\/pages\/209"}],"wp:attachment":[{"href":"https:\/\/www.galerie-initiales.com\/index.php?rest_route=%2Fwp%2Fv2%2Fmedia&parent=3136"}],"curies":[{"name":"wp","href":"https:\/\/api.w.org\/{rel}","templated":true}]}}